What are the prime factors of 467061?
3, 7, 23, 967
List the prime factors of 1938117.
3, 646039
What are the prime factors of 19163145?
3, 5, 1277543
What are the prime factors of 218619?
3, 2699
List the prime factors of 988196.
2, 11, 37, 607
What are the prime factors of 183966?
2, 3, 30661
List the prime factors of 6613863.
3, 71, 31051
What are the prime factors of 354628?
2, 88657
What are the prime factors of 4496371?
11, 61, 6701
List the prime factors of 46415.
5, 9283
What are the prime factors of 826476?
2, 3, 7, 9839
List the prime factors of 2349651.
3, 73, 10729
List the prime factors of 205672.
2, 47, 547
List the prime factors of 1044827.
7, 21323
What are the prime factors of 8157843?
3, 906427
What are the prime factors of 60858?
2, 3, 7, 23
What are the prime factors of 841096?
2, 105137
What are the prime factors of 1175264?
2, 19, 1933
What are the prime factors of 574707?
3, 7, 27367
What are the prime factors of 2046436?
2, 7, 53, 197
List the prime factors of 143326.
2, 71663
What are the prime factors of 114411?
3, 11, 3467
What are the prime factors of 459082?
2, 13, 17657
List the prime factors of 652550.
2, 5, 31, 421
List the prime factors of 189938.
2, 7, 13567
List the prime factors of 236657.
17, 13921
What are the prime factors of 1372260?
2, 3, 5, 22871
What are the prime factors of 50716?
2, 31, 409
List the prime factors of 10453416.
2, 3, 435559
What are the prime factors of 1858558?
2, 13, 71483
What are the prime factors of 79491?
3, 26497
List the prime factors of 1068659.
61, 17519
List the prime factors of 2656034.
2, 1328017
List the prime factors of 8722552.
2, 401, 2719
List the prime factors of 12240533.
443, 27631
What are the prime factors of 505888?
2, 15809
What are the prime factors of 2558293?
19, 29, 4643
What are the prime factors of 228417?
3, 7, 73, 149
What are the prime factors of 15400348?
2, 307, 12541
What are the prime factors of 68132?
2, 17033
What are the prime factors of 5193561?
3, 23, 75269
List the prime factors of 93599.
11, 67, 127
What are the prime factors of 7308629?
7308629
List the prime factors of 29950243.
17, 29, 79, 769
List the prime factors of 215550.
2, 3, 5, 479
What are the prime factors of 226325?
5, 11, 823
What are the prime factors of 208212?
2, 3, 17351
List the prime factors of 132336.
2, 3, 919
List the prime factors of 8919021.
3, 79, 37633
What are the prime factors of 40263?
3, 13421
List the prime factors of 362391.
3, 113, 1069
List the prime factors of 13379292.
2, 3, 131, 2837
List the prime factors of 751334.
2, 375667
List the prime factors of 466912.
2, 14591
What are the prime factors of 380590?
2, 5, 7, 5437
What are the prime factors of 362011?
13, 27847
List the prime factors of 175811.
175811
What are the prime factors of 4991301?
3, 7, 8803
What are the prime factors of 308215?
5, 61643
List the prime factors of 738261.
3, 37, 739
List the prime factors of 6095704.
2, 761963
List the prime factors of 175808.
2, 41, 67
List the prime factors of 564759.
3, 13, 1609
What are the prime factors of 9431309?
151, 62459
List the prime factors of 21257.
29, 733
What are the prime factors of 662521?
61, 10861
What are the prime factors of 204766?
2, 43, 2381
List the prime factors of 1510592.
2, 23603
List the prime factors of 404231.
29, 53, 263
List the prime factors of 3698286.
2, 3, 239, 2579
List the prime factors of 5660.
2, 5, 283
What are the prime factors of 168447?
3, 56149
List the prime factors of 125898.
2, 3, 20983
List the prime factors of 21741336.
2, 3, 71, 4253
List the prime factors of 60984.
2, 3, 7, 11
What are the prime factors of 464049?
3, 17, 337
What are the prime factors of 1139850?
2, 3, 5, 17, 149
List the prime factors of 2894030.
2, 5, 251, 1153
List the prime factors of 1836372.
2, 3, 199, 769
List the prime factors of 27652854.
2, 3, 23, 200383
What are the prime factors of 7908017?
13, 73, 641
What are the prime factors of 528625?
5, 4229
List the prime factors of 724438.
2, 11, 13, 17, 149
What are the prime factors of 104868?
2, 3, 971
List the prime factors of 1031896.
2, 128987
List the prime factors of 6429848.
2, 803731
List the prime factors of 13472212.
2, 13, 509
List the prime factors of 20021.
20021
List the prime factors of 202133.
131, 1543
List the prime factors of 5130193.
431, 11903
What are the prime factors of 453790?
2, 5, 23, 1973
List the prime factors of 10943336.
2, 127, 10771
List the prime factors of 5124151.
5124151
What are the prime factors of 1763203?
13, 23, 5897
What are the prime factors of 20116076?
2, 23, 41, 5333
What are the prime factors of 523558?
2, 7, 37397
List the prime factors of 128718.
2, 3, 7151
List the prime factors of 2473816.
2, 29, 10663
List the prime factors of 5163882.
2, 3, 860647
What are the prime factors of 5028467?
23, 218629
List the prime factors of 8343595.
5, 13, 23, 5581
List the prime factors of 10437097.
11, 86257
What are the prime factors of 85376?
2, 23, 29
What are the prime factors of 14136306?
2, 3, 23, 102437
List the prime factors of 386778.
2, 3, 7, 9209
List the prime factors of 26626199.
17, 37, 42331
What are the prime factors of 4012235?
5, 23, 139, 251
List the prime factors of 258779.
258779
List the prime factors of 115859.
115859
List the prime factors of 4746792.
2, 3, 97, 2039
What are the prime factors of 2290814?
2, 367, 3121
List the prime factors of 301791.
3, 7, 2053
What are the prime factors of 24581153?
2357, 10429
What are the prime factors of 457720?
2, 5, 11443
What are the prime factors of 35637518?
2, 7, 53, 48029
What are the prime factors of 4370828?
2, 7, 11, 23, 617
List the prime factors of 556268.
2, 139067
What are the prime factors of 14540537?
11, 1321867
List the prime factors of 4439158.
2, 127, 17477
List the prime factors of 5676696.
2, 3, 41, 641
List the prime factors of 5077055.
5, 557, 1823
What are the prime factors of 8217808?
2, 23, 137, 163
What are the prime factors of 3440732?
2, 17, 50599
List the prime factors of 1420144.
2, 11, 8069
What are the prime factors of 18470630?
2, 5, 1091, 1693
List the prime factors of 502902.
2, 3, 67, 139
List the prime factors of 236986.
2, 118493
List the prime factors of 1087898.
2, 7, 17, 653
List the prime factors of 10033805.
5, 19, 105619
List the prime factors of 257091.
3, 17, 71
List the prime factors of 8141350.
2, 5, 7, 3323
What are the prime factors of 9807821?
23, 426427
What are the prime factors of 2402925?
3, 5, 7, 23, 199
What are the prime factors of 138262?
2, 73, 947
List the prime factors of 6574479.
3, 2191493
What are the prime factors of 149880?
2, 3, 5, 1249
What are the prime factors of 2471567?
7, 353081
List the prime factors of 932464.
2, 13, 4483
What are the prime factors of 957367?
281, 3407
What are the prime factors of 420832?
2, 13151
What are the prime factors of 3987418?
2, 17, 23, 5099
List the prime factors of 192421.
193, 997
List the prime factors of 3306793.
7, 472399
What are the prime factors of 311647?
7, 211
List the prime factors of 1220187.
3, 406729
List the prime factors of 291635.
5, 17, 47, 73
What are the prime factors of 3115224?
2, 3, 7, 883
List the prime factors of 8421704.
2, 229, 4597
List the prime factors of 9980861.
11, 37, 137, 179
List the prime factors of 500870.
2, 5, 50087
What are the prime factors of 4682909?
7, 11, 61, 997
List the prime factors of 743631.
3, 7, 17, 2083
What are the prime factors of 4852097?
53, 83, 1103
List the prime factors of 209374.
2, 11, 31, 307
List the prime factors of 19588879.
17, 1152287
What are the prime factors of 6730584?
2, 3, 7, 40063
List the prime factors of 343832.
2, 42979
List the prime factors of 9145818.
2, 3, 11, 89, 173
List the prime factors of 23123627.
19, 1217033
What are the prime factors of 2735597?
23, 83, 1433
What are the prime factors of 4154331?
3, 19, 72883
What are the prime factors of 4138614?
2, 3, 59, 433
What are the prime factors of 552460?
2, 5, 23, 1201
List the prime factors of 414055.
5, 82811
List the prime factors of 12414457.
11, 23, 49069
What are the prime factors of 29028165?
3, 5, 37, 193, 271
What are the prime factors of 2734817?
2734817
List the prime factors of 1257183.
3, 41, 3407
List the prime factors of 6